{"id":12362,"date":"2023-06-16T07:43:39","date_gmt":"2023-06-16T07:43:39","guid":{"rendered":"https:\/\/blancafortinfermers.com\/declaracio-daccessibilitat\/"},"modified":"2023-07-13T11:19:47","modified_gmt":"2023-07-13T11:19:47","slug":"declaracio-daccessibilitat","status":"publish","type":"page","link":"https:\/\/blancafortinfermers.com\/es\/declaracio-daccessibilitat\/","title":{"rendered":"Declaraci\u00f3n De Accesibilitat"},"content":{"rendered":"\n<p><\/p>\n\n<p><strong>Serveis d\u2019Internet Javajan SL<\/strong>, se ha comprometido a hacer accesibles sus sitios web, de conformidad con el <a href=\"https:\/\/www.boe.es\/buscar\/act.php?id=BOE-A-2018-12699\"><strong>Real Decreto 1112\/2018<\/strong><\/a>, de 7 de septiembre, sobre accesibilidad de los sitios web y aplicaciones para dispositivos m\u00f3viles, por la que se traspone al ordenamiento jur\u00eddico espa\u00f1ol la <a href=\"http:\/\/eur-lex.europa.eu\/legal-content\/ES\/TXT\/?uri=uriserv:OJ.L_.2016.327.01.0001.01.SPA&amp;toc=OJ:L:2016:327:FULL\">Directiva (UE) 2016\/2102 del Parlamento Europeo y del Consejo<\/a>.<\/p>\n\n<p>La presente declaraci\u00f3n de accesibilidad se aplica a la web blancafortinfermers.com<\/p>\n\n<p><strong>Situaci\u00f3n de cumplimiento<\/strong><\/p>\n\n<p>Este sitio web es parcialmente <strong>conforme<\/strong> con el <a href=\"https:\/\/www.boe.es\/diario_boe\/txt.php?id=BOE-A-2018-12699\"><strong>RD 1112\/2018<\/strong><\/a> debido a las excepciones y falta de conformidad de los aspectos que se indican a continuaci\u00f3n<\/p>\n\n<p><strong>Contenido no accesible<\/strong><\/p>\n\n<p>El contenido que se recoge a continuaci\u00f3n no es accesible por lo siguiente:<\/p>\n\n<ol class=\"wp-block-list\">\n<li><strong>Falta de conformitat amb el&nbsp; RD 1112\/2018<\/strong>\n<ul class=\"wp-block-list\">\n<li>Debido a la automatizaci\u00f3n de algunas de las publicaciones podr\u00edan existir p\u00e1ginas con un incorrecto anidamiento de etiquetas HTML.<\/li>\n\n\n\n<li>Existen documentos en formato PDF que no cumplen con la normativa.<\/li>\n\n\n\n<li>Podr\u00eda haber errores puntuales de edici\u00f3n en alguna p\u00e1gina web.<\/li>\n<\/ul>\n<\/li>\n\n\n\n<li><strong>Carga desproporcionada<\/strong>\n<ul class=\"wp-block-list\">\n<li>No aplica.<\/li>\n<\/ul>\n<\/li>\n\n\n\n<li><strong>Contenido que no entra dentro del \u00e1mbito de la legislaci\u00f3n aplicable<\/strong>\n<ul class=\"wp-block-list\">\n<li>Archivos ofim\u00e1ticos en PDF u otros formatos, as\u00ed como aplicaciones publicadas antes del 20 de septiembre de 2018 que no cumplan totalmente todos los requisitos de accesibilidad.<\/li>\n\n\n\n<li>Contenidos multimedia en directo.<\/li>\n\n\n\n<li>Contenido multimedia pregrabado publicado antes de la entrada en vigor del Real Decreto.<\/li>\n\n\n\n<li>Servicios de mapa online.<\/li>\n<\/ul>\n<\/li>\n<\/ol>\n\n<p><strong>Preparaci\u00f3n de esta declaraci\u00f3n de accesibilidad<\/strong><\/p>\n\n<p>Esta declaraci\u00f3n fue preparada el 23 de febrero de 2023 y est\u00e1 basada en los informes de accesibilidad web del <a href=\"https:\/\/administracionelectronica.gob.es\/pae_Home\/pae_Estrategias\/pae_Accesibilidad.html\"><strong>Observatorio de Accesibilidad.<\/strong><\/a><\/p>\n\n<p>La fecha de la \u00faltima revisi\u00f3n ha sido el 23 de febrero de 2023.<\/p>\n\n<p><strong>Observaciones y datos de contacto<\/strong><\/p>\n\n<p>Puede realizar <strong>comunicaciones<\/strong> sobre requisitos de accesibilidad (art\u00edculo 10.2 del RD 1112\/2018) como:<\/p>\n\n<ul class=\"wp-block-list\">\n<li>informar sobre cualquier posible incumplimiento por parte de este sitio web<\/li>\n\n\n\n<li>transmitir otras <strong>dificultades de acceso<\/strong> al contenido<\/li>\n\n\n\n<li>formular cualquier otra <strong>consulta o sugerencia de mejora<\/strong>r la normativa a la accesibilidad del sitio web.<\/li>\n<\/ul>\n\n<p>a trav\u00e9s del correo electr\u00f3nico <a href=\"mailto:info@javajan.com\">info@javajan.com<\/a> indicando en el asunto el nombre de la p\u00e1gina.<\/p>\n\n<p><strong>Contenido opcional<\/strong><\/p>\n\n<p>Este sitio web:<\/p>\n\n<ul class=\"wp-block-list\">\n<li>Se ha dise\u00f1ado adapt\u00e1ndose a los est\u00e1ndares y normativas vigentes en relaci\u00f3n con la accesibilidad, cumpliendo con los puntos de verificaci\u00f3n de prioridad 2 (AA) definidos en la especificaci\u00f3n de Pautas de Accesibilidad al Contenido en la Web (WCAG 2.1).<\/li>\n\n\n\n<li>Cumple los requisitos de la Norma <a href=\"https:\/\/administracionelectronica.gob.es\/pae_Home\/dam\/jcr:2352eaaf-2ee8-4501-a67b-bb682c6de934\/Norma_UNE-EN_301549.pdf\">UNE-EN 301549 v1.1.2:2015<\/a>, considerando las excepciones del Real Decreto 1112\/2018.<\/li>\n\n\n\n<li>Est\u00e1 dise\u00f1ado para su correcta visualizaci\u00f3n en dispositivos de escritorio, tablet y m\u00f3viles para una resoluci\u00f3n m\u00ednima de <strong>1280&#215;1024.<\/strong><\/li>\n\n\n\n<li>Se ha realizado utilizando HTML5 como lenguaje de marcado y hojas de estilo CSS 3 para el dise\u00f1o.<\/li>\n<\/ul>\n","protected":false},"excerpt":{"rendered":"<p>Serveis d\u2019Internet Javajan SL, se ha comprometido a hacer accesibles sus sitios web, de conformidad con el Real Decreto 1112\/2018, de 7 de septiembre, sobre accesibilidad de los sitios web y aplicaciones para dispositivos m\u00f3viles, por la que se traspone al ordenamiento jur\u00eddico espa\u00f1ol la Directiva (UE) 2016\/2102 del Parlamento Europeo y del Consejo. La [&hellip;]<\/p>\n","protected":false},"author":1,"featured_media":0,"parent":0,"menu_order":0,"comment_status":"closed","ping_status":"closed","template":"","meta":{"footnotes":""},"class_list":["post-12362","page","type-page","status-publish","hentry"],"yoast_head":"<!-- This site is optimized with the Yoast SEO plugin v20.13 - https:\/\/yoast.com\/wordpress\/plugins\/seo\/ -->\n<title>Declaraci\u00f3n De Accesibilitat - Blancafort Infermers<\/title>\n<meta name=\"robots\" content=\"index, follow, max-snippet:-1, max-image-preview:large, max-video-preview:-1\" \/>\n<link rel=\"canonical\" href=\"https:\/\/blancafortinfermers.com\/ca\/declaracio-daccessibilitat\/\" \/>\n<meta property=\"og:locale\" content=\"es_ES\" \/>\n<meta property=\"og:type\" content=\"article\" \/>\n<meta property=\"og:title\" content=\"Declaraci\u00f3n De Accesibilitat - Blancafort Infermers\" \/>\n<meta property=\"og:description\" content=\"Serveis d\u2019Internet Javajan SL, se ha comprometido a hacer accesibles sus sitios web, de conformidad con el Real Decreto 1112\/2018, de 7 de septiembre, sobre accesibilidad de los sitios web y aplicaciones para dispositivos m\u00f3viles, por la que se traspone al ordenamiento jur\u00eddico espa\u00f1ol la Directiva (UE) 2016\/2102 del Parlamento Europeo y del Consejo. La [&hellip;]\" \/>\n<meta property=\"og:url\" content=\"https:\/\/blancafortinfermers.com\/ca\/declaracio-daccessibilitat\/\" \/>\n<meta property=\"og:site_name\" content=\"Blancafort Infermers\" \/>\n<meta property=\"article:modified_time\" content=\"2023-07-13T11:19:47+00:00\" \/>\n<meta name=\"twitter:card\" content=\"summary_large_image\" \/>\n<meta name=\"twitter:label1\" content=\"Tiempo de lectura\" \/>\n\t<meta name=\"twitter:data1\" content=\"2 minutos\" \/>\n<script type=\"application\/ld+json\" class=\"yoast-schema-graph\">{\"@context\":\"https:\/\/schema.org\",\"@graph\":[{\"@type\":\"WebPage\",\"@id\":\"https:\/\/blancafortinfermers.com\/ca\/declaracio-daccessibilitat\/\",\"url\":\"https:\/\/blancafortinfermers.com\/ca\/declaracio-daccessibilitat\/\",\"name\":\"Declaraci\u00f3n De Accesibilitat - Blancafort Infermers\",\"isPartOf\":{\"@id\":\"https:\/\/blancafortinfermers.com\/ca\/#website\"},\"datePublished\":\"2023-06-16T07:43:39+00:00\",\"dateModified\":\"2023-07-13T11:19:47+00:00\",\"breadcrumb\":{\"@id\":\"https:\/\/blancafortinfermers.com\/ca\/declaracio-daccessibilitat\/#breadcrumb\"},\"inLanguage\":\"es\",\"potentialAction\":[{\"@type\":\"ReadAction\",\"target\":[\"https:\/\/blancafortinfermers.com\/ca\/declaracio-daccessibilitat\/\"]}]},{\"@type\":\"BreadcrumbList\",\"@id\":\"https:\/\/blancafortinfermers.com\/ca\/declaracio-daccessibilitat\/#breadcrumb\",\"itemListElement\":[{\"@type\":\"ListItem\",\"position\":1,\"name\":\"Inici\",\"item\":\"https:\/\/blancafortinfermers.com\/es\/\"},{\"@type\":\"ListItem\",\"position\":2,\"name\":\"Declaraci\u00f3n De Accesibilitat\"}]},{\"@type\":\"WebSite\",\"@id\":\"https:\/\/blancafortinfermers.com\/ca\/#website\",\"url\":\"https:\/\/blancafortinfermers.com\/ca\/\",\"name\":\"Blancafort Infermers\",\"description\":\"\",\"potentialAction\":[{\"@type\":\"SearchAction\",\"target\":{\"@type\":\"EntryPoint\",\"urlTemplate\":\"https:\/\/blancafortinfermers.com\/ca\/?s={search_term_string}\"},\"query-input\":\"required name=search_term_string\"}],\"inLanguage\":\"es\"}]}<\/script>\n<!-- \/ Yoast SEO plugin. -->","yoast_head_json":{"title":"Declaraci\u00f3n De Accesibilitat - Blancafort Infermers","robots":{"index":"index","follow":"follow","max-snippet":"max-snippet:-1","max-image-preview":"max-image-preview:large","max-video-preview":"max-video-preview:-1"},"canonical":"https:\/\/blancafortinfermers.com\/ca\/declaracio-daccessibilitat\/","og_locale":"es_ES","og_type":"article","og_title":"Declaraci\u00f3n De Accesibilitat - Blancafort Infermers","og_description":"Serveis d\u2019Internet Javajan SL, se ha comprometido a hacer accesibles sus sitios web, de conformidad con el Real Decreto 1112\/2018, de 7 de septiembre, sobre accesibilidad de los sitios web y aplicaciones para dispositivos m\u00f3viles, por la que se traspone al ordenamiento jur\u00eddico espa\u00f1ol la Directiva (UE) 2016\/2102 del Parlamento Europeo y del Consejo. La [&hellip;]","og_url":"https:\/\/blancafortinfermers.com\/ca\/declaracio-daccessibilitat\/","og_site_name":"Blancafort Infermers","article_modified_time":"2023-07-13T11:19:47+00:00","twitter_card":"summary_large_image","twitter_misc":{"Tiempo de lectura":"2 minutos"},"schema":{"@context":"https:\/\/schema.org","@graph":[{"@type":"WebPage","@id":"https:\/\/blancafortinfermers.com\/ca\/declaracio-daccessibilitat\/","url":"https:\/\/blancafortinfermers.com\/ca\/declaracio-daccessibilitat\/","name":"Declaraci\u00f3n De Accesibilitat - Blancafort Infermers","isPartOf":{"@id":"https:\/\/blancafortinfermers.com\/ca\/#website"},"datePublished":"2023-06-16T07:43:39+00:00","dateModified":"2023-07-13T11:19:47+00:00","breadcrumb":{"@id":"https:\/\/blancafortinfermers.com\/ca\/declaracio-daccessibilitat\/#breadcrumb"},"inLanguage":"es","potentialAction":[{"@type":"ReadAction","target":["https:\/\/blancafortinfermers.com\/ca\/declaracio-daccessibilitat\/"]}]},{"@type":"BreadcrumbList","@id":"https:\/\/blancafortinfermers.com\/ca\/declaracio-daccessibilitat\/#breadcrumb","itemListElement":[{"@type":"ListItem","position":1,"name":"Inici","item":"https:\/\/blancafortinfermers.com\/es\/"},{"@type":"ListItem","position":2,"name":"Declaraci\u00f3n De Accesibilitat"}]},{"@type":"WebSite","@id":"https:\/\/blancafortinfermers.com\/ca\/#website","url":"https:\/\/blancafortinfermers.com\/ca\/","name":"Blancafort Infermers","description":"","potentialAction":[{"@type":"SearchAction","target":{"@type":"EntryPoint","urlTemplate":"https:\/\/blancafortinfermers.com\/ca\/?s={search_term_string}"},"query-input":"required name=search_term_string"}],"inLanguage":"es"}]}},"_links":{"self":[{"href":"https:\/\/blancafortinfermers.com\/es\/wp-json\/wp\/v2\/pages\/12362","targetHints":{"allow":["GET"]}}],"collection":[{"href":"https:\/\/blancafortinfermers.com\/es\/wp-json\/wp\/v2\/pages"}],"about":[{"href":"https:\/\/blancafortinfermers.com\/es\/wp-json\/wp\/v2\/types\/page"}],"author":[{"embeddable":true,"href":"https:\/\/blancafortinfermers.com\/es\/wp-json\/wp\/v2\/users\/1"}],"replies":[{"embeddable":true,"href":"https:\/\/blancafortinfermers.com\/es\/wp-json\/wp\/v2\/comments?post=12362"}],"version-history":[{"count":3,"href":"https:\/\/blancafortinfermers.com\/es\/wp-json\/wp\/v2\/pages\/12362\/revisions"}],"predecessor-version":[{"id":12419,"href":"https:\/\/blancafortinfermers.com\/es\/wp-json\/wp\/v2\/pages\/12362\/revisions\/12419"}],"wp:attachment":[{"href":"https:\/\/blancafortinfermers.com\/es\/wp-json\/wp\/v2\/media?parent=12362"}],"curies":[{"name":"wp","href":"https:\/\/api.w.org\/{rel}","templated":true}]}}

Declaración De Accesibilitat

<p></p>

<p><strong>Serveis d’Internet Javajan SL</strong>, se ha comprometido a hacer accesibles sus sitios web, de conformidad con el <a href="https://www.boe.es/buscar/act.php?id=BOE-A-2018-12699"><strong>Real Decreto 1112/2018</strong></a>, de 7 de septiembre, sobre accesibilidad de los sitios web y aplicaciones para dispositivos móviles, por la que se traspone al ordenamiento jurídico español la <a href="http://eur-lex.europa.eu/legal-content/ES/TXT/?uri=uriserv:OJ.L_.2016.327.01.0001.01.SPA&amp;toc=OJ:L:2016:327:FULL">Directiva (UE) 2016/2102 del Parlamento Europeo y del Consejo</a>.</p>

<p>La presente declaración de accesibilidad se aplica a la web blancafortinfermers.com</p>

<p><strong>Situación de cumplimiento</strong></p>

<p>Este sitio web es parcialmente <strong>conforme</strong> con el <a href="https://www.boe.es/diario_boe/txt.php?id=BOE-A-2018-12699"><strong>RD 1112/2018</strong></a> debido a las excepciones y falta de conformidad de los aspectos que se indican a continuación</p>

<p><strong>Contenido no accesible</strong></p>

<p>El contenido que se recoge a continuación no es accesible por lo siguiente:</p>

<ol class="wp-block-list">
<li><strong>Falta de conformitat amb el&nbsp; RD 1112/2018</strong>
<ul class="wp-block-list">
<li>Debido a la automatización de algunas de las publicaciones podrían existir páginas con un incorrecto anidamiento de etiquetas HTML.</li>



<li>Existen documentos en formato PDF que no cumplen con la normativa.</li>



<li>Podría haber errores puntuales de edición en alguna página web.</li>
</ul>
</li>



<li><strong>Carga desproporcionada</strong>
<ul class="wp-block-list">
<li>No aplica.</li>
</ul>
</li>



<li><strong>Contenido que no entra dentro del ámbito de la legislación aplicable</strong>
<ul class="wp-block-list">
<li>Archivos ofimáticos en PDF u otros formatos, así como aplicaciones publicadas antes del 20 de septiembre de 2018 que no cumplan totalmente todos los requisitos de accesibilidad.</li>



<li>Contenidos multimedia en directo.</li>



<li>Contenido multimedia pregrabado publicado antes de la entrada en vigor del Real Decreto.</li>



<li>Servicios de mapa online.</li>
</ul>
</li>
</ol>

<p><strong>Preparación de esta declaración de accesibilidad</strong></p>

<p>Esta declaración fue preparada el 23 de febrero de 2023 y está basada en los informes de accesibilidad web del <a href="https://administracionelectronica.gob.es/pae_Home/pae_Estrategias/pae_Accesibilidad.html"><strong>Observatorio de Accesibilidad.</strong></a></p>

<p>La fecha de la última revisión ha sido el 23 de febrero de 2023.</p>

<p><strong>Observaciones y datos de contacto</strong></p>

<p>Puede realizar <strong>comunicaciones</strong> sobre requisitos de accesibilidad (artículo 10.2 del RD 1112/2018) como:</p>

<ul class="wp-block-list">
<li>informar sobre cualquier posible incumplimiento por parte de este sitio web</li>



<li>transmitir otras <strong>dificultades de acceso</strong> al contenido</li>



<li>formular cualquier otra <strong>consulta o sugerencia de mejora</strong>r la normativa a la accesibilidad del sitio web.</li>
</ul>

<p>a través del correo electrónico <a href="mailto:info@javajan.com">info@javajan.com</a> indicando en el asunto el nombre de la página.</p>

<p><strong>Contenido opcional</strong></p>

<p>Este sitio web:</p>

<ul class="wp-block-list">
<li>Se ha diseñado adaptándose a los estándares y normativas vigentes en relación con la accesibilidad, cumpliendo con los puntos de verificación de prioridad 2 (AA) definidos en la especificación de Pautas de Accesibilidad al Contenido en la Web (WCAG 2.1).</li>



<li>Cumple los requisitos de la Norma <a href="https://administracionelectronica.gob.es/pae_Home/dam/jcr:2352eaaf-2ee8-4501-a67b-bb682c6de934/Norma_UNE-EN_301549.pdf">UNE-EN 301549 v1.1.2:2015</a>, considerando las excepciones del Real Decreto 1112/2018.</li>



<li>Está diseñado para su correcta visualización en dispositivos de escritorio, tablet y móviles para una resolución mínima de <strong>1280&#215;1024.</strong></li>



<li>Se ha realizado utilizando HTML5 como lenguaje de marcado y hojas de estilo CSS 3 para el diseño.</li>
</ul>

<p>Serveis d’Internet Javajan SL, se ha comprometido a hacer accesibles sus sitios web, de conformidad con el Real Decreto 1112/2018, de 7 de septiembre, sobre accesibilidad de los sitios web y aplicaciones para dispositivos móviles, por la que se traspone al ordenamiento jurídico español la Directiva (UE) 2016/2102 del Parlamento Europeo y del Consejo. La [&hellip;]</p>

<!-- This site is optimized with the Yoast SEO plugin v20.13 - https://yoast.com/wordpress/plugins/seo/ -->
<title>Declaración De Accesibilitat - Blancafort Infermers</title>
<meta name="robots" content="index, follow, max-snippet:-1, max-image-preview:large, max-video-preview:-1" />
<link rel="canonical" href="https://blancafortinfermers.com/ca/declaracio-daccessibilitat/" />
<meta property="og:locale" content="es_ES" />
<meta property="og:type" content="article" />
<meta property="og:title" content="Declaración De Accesibilitat - Blancafort Infermers" />
<meta property="og:description" content="Serveis d’Internet Javajan SL, se ha comprometido a hacer accesibles sus sitios web, de conformidad con el Real Decreto 1112/2018, de 7 de septiembre, sobre accesibilidad de los sitios web y aplicaciones para dispositivos móviles, por la que se traspone al ordenamiento jurídico español la Directiva (UE) 2016/2102 del Parlamento Europeo y del Consejo. La [&hellip;]" />
<meta property="og:url" content="https://blancafortinfermers.com/ca/declaracio-daccessibilitat/" />
<meta property="og:site_name" content="Blancafort Infermers" />
<meta property="article:modified_time" content="2023-07-13T11:19:47+00:00" />
<meta name="twitter:card" content="summary_large_image" />
<meta name="twitter:label1" content="Tiempo de lectura" />
	<meta name="twitter:data1" content="2 minutos" />
<script type="application/ld+json" class="yoast-schema-graph">{"@context":"https://schema.org","@graph":[{"@type":"WebPage","@id":"https://blancafortinfermers.com/ca/declaracio-daccessibilitat/","url":"https://blancafortinfermers.com/ca/declaracio-daccessibilitat/","name":"Declaración De Accesibilitat - Blancafort Infermers","isPartOf":{"@id":"https://blancafortinfermers.com/ca/#website"},"datePublished":"2023-06-16T07:43:39+00:00","dateModified":"2023-07-13T11:19:47+00:00","breadcrumb":{"@id":"https://blancafortinfermers.com/ca/declaracio-daccessibilitat/#breadcrumb"},"inLanguage":"es","potentialAction":[{"@type":"ReadAction","target":["https://blancafortinfermers.com/ca/declaracio-daccessibilitat/"]}]},{"@type":"BreadcrumbList","@id":"https://blancafortinfermers.com/ca/declaracio-daccessibilitat/#breadcrumb","itemListElement":[{"@type":"ListItem","position":1,"name":"Inici","item":"https://blancafortinfermers.com/es/"},{"@type":"ListItem","position":2,"name":"Declaración De Accesibilitat"}]},{"@type":"WebSite","@id":"https://blancafortinfermers.com/ca/#website","url":"https://blancafortinfermers.com/ca/","name":"Blancafort Infermers","description":"","potentialAction":[{"@type":"SearchAction","target":{"@type":"EntryPoint","urlTemplate":"https://blancafortinfermers.com/ca/?s={search_term_string}"},"query-input":"required name=search_term_string"}],"inLanguage":"es"}]}</script>
<!-- / Yoast SEO plugin. -->

Declaración De Accesibilitat - Blancafort Infermers

Serveis d’Internet Javajan SL, se ha comprometido a hacer accesibles sus sitios web, de conformidad con el Real Decreto 1112/2018, de 7 de septiembre, sobre accesibilidad de los sitios web y aplicaciones para dispositivos móviles, por la que se traspone al ordenamiento jurídico español la Directiva (UE) 2016/2102 del Parlamento Europeo y del Consejo. La [&hellip;]
